{"id":729,"date":"2020-02-27T10:50:01","date_gmt":"2020-02-27T09:50:01","guid":{"rendered":"http:\/\/www.hagyomanyokhegye.hu\/?page_id=729"},"modified":"2024-07-08T13:27:44","modified_gmt":"2024-07-08T11:27:44","slug":"hegy-napja-2020","status":"publish","type":"page","link":"https:\/\/www.hagyomanyokhegye.hu\/?page_id=729","title":{"rendered":"Hegy napja &#8211; 2024"},"content":{"rendered":"\n<p><\/p>\n\n\n\n<p><\/p>\n\n\n\n<figure class=\"wp-block-image size-large\"><a href=\"https:\/\/www.hagyomanyokhegye.hu\/wp-content\/uploads\/2024\/07\/hegy-napja-2024-18-1-1-scaled.jpg\"><img decoding=\"async\" loading=\"lazy\" width=\"1024\" height=\"724\" src=\"https:\/\/www.hagyomanyokhegye.hu\/wp-content\/uploads\/2024\/07\/hegy-napja-2024-18-1-1-1024x724.jpg\" alt=\"\" class=\"wp-image-989\" srcset=\"https:\/\/www.hagyomanyokhegye.hu\/wp-content\/uploads\/2024\/07\/hegy-napja-2024-18-1-1-1024x724.jpg 1024w, https:\/\/www.hagyomanyokhegye.hu\/wp-content\/uploads\/2024\/07\/hegy-napja-2024-18-1-1-300x212.jpg 300w, https:\/\/www.hagyomanyokhegye.hu\/wp-content\/uploads\/2024\/07\/hegy-napja-2024-18-1-1-768x543.jpg 768w, https:\/\/www.hagyomanyokhegye.hu\/wp-content\/uploads\/2024\/07\/hegy-napja-2024-18-1-1-600x424.jpg 600w, https:\/\/www.hagyomanyokhegye.hu\/wp-content\/uploads\/2024\/07\/hegy-napja-2024-18-1-1-1536x1086.jpg 1536w, https:\/\/www.hagyomanyokhegye.hu\/wp-content\/uploads\/2024\/07\/hegy-napja-2024-18-1-1-2048x1447.jpg 2048w\" sizes=\"(max-width: 1024px) 100vw, 1024px\" \/><\/a><\/figure>\n\n\n\n<p><strong>R\u00c9SZLETES PROGRAM<\/strong><\/p>\n\n\n\n<p><strong>15.00-15.45 <\/strong><em><\/em><\/p>\n\n\n\n<ul>\n<li><strong>P\u00e1pai szablyav\u00edv\u00f3k fegyverbemutat\u00f3ja <\/strong>(Hagyom\u00e1nyok Hegye Egyes\u00fclet, H\u00e9t Csillag Egyes\u00fclet)<strong><\/strong><\/li>\n\n\n\n<li><strong>Vit\u00e9zi torna <\/strong>(V\u00e9rtes egyes\u00fclet \u2013 Sz\u00e1r)<strong><\/strong><\/li>\n<\/ul>\n\n\n\n<p><strong>16.00-17.00 <\/strong><em><\/em><\/p>\n\n\n\n<ul>\n<li><strong>Lovas\u00edj\u00e1szok \u00e9s lovas \u00fcgyess\u00e9gi j\u00e1t\u00e9kok<\/strong> (Kassai Lovas\u00edj\u00e1sziskola \/ Piroska t\u00f6rzs &#8211; P\u00e1pa)<\/li>\n\n\n\n<li><strong>Szir\u00e1nszki J\u00f3zsef reg\u00f6s<\/strong>&nbsp;&nbsp;&nbsp;&nbsp;&nbsp;&nbsp;&nbsp;&nbsp;&nbsp;&nbsp;&nbsp;&nbsp;&nbsp;&nbsp;&nbsp;&nbsp;&nbsp;&nbsp;&nbsp;&nbsp;&nbsp;&nbsp;&nbsp;&nbsp;&nbsp;&nbsp;&nbsp;&nbsp;&nbsp;&nbsp;&nbsp;&nbsp;&nbsp;&nbsp;&nbsp;&nbsp;&nbsp;&nbsp;&nbsp;&nbsp;&nbsp;&nbsp;&nbsp;&nbsp;&nbsp;&nbsp;&nbsp;&nbsp;&nbsp;&nbsp;&nbsp;&nbsp;&nbsp;&nbsp;&nbsp;&nbsp;&nbsp;&nbsp;&nbsp;&nbsp;&nbsp;&nbsp;&nbsp;&nbsp;&nbsp;&nbsp;&nbsp;&nbsp;&nbsp;&nbsp;&nbsp;<\/li>\n<\/ul>\n\n\n\n<p><strong>17.10-17.15&nbsp;&nbsp;&nbsp;&nbsp;&nbsp; <\/strong><em><\/em><\/p>\n\n\n\n<ul>\n<li><strong>Csapatok bemutat\u00e1sa<\/strong><\/li>\n\n\n\n<li><strong>K\u00f6sz\u00f6nt\u0151 (Dr. Kov\u00e1cs Zolt\u00e1n orsz\u00e1ggy\u0171l\u00e9si k\u00e9pvisel\u0151)<\/strong>&nbsp;&nbsp;&nbsp;&nbsp;&nbsp;&nbsp;&nbsp;&nbsp;&nbsp;&nbsp;&nbsp;&nbsp;&nbsp;&nbsp;&nbsp;&nbsp;&nbsp;&nbsp;<\/li>\n<\/ul>\n\n\n\n<p><strong>17.20-18.50 <\/strong><em><\/em><\/p>\n\n\n\n<ul>\n<li><strong>Honfoglal\u00e1skori harcosok <\/strong>(M\u00faltunk \u00e9s J\u00f6v\u0151nk Egyes\u00fclet \u2013 Tatab\u00e1nya)<strong><\/strong><\/li>\n\n\n\n<li><strong>K\u00f6z\u00e9pkori Kardforgat\u00f3k <\/strong>(Kir\u00e1lyi Kardforgat\u00f3k Rendje \u2013 Sz\u00e9kesfeh\u00e9rv\u00e1r)<\/li>\n<\/ul>\n\n\n\n<p><strong>19.00-19.20<\/strong><em><\/em><\/p>\n\n\n\n<ul>\n<li><strong>CSATA BEMUTAT\u00d3<\/strong><\/li>\n<\/ul>\n\n\n\n<p><strong>Folyamatos foglalkoz\u00e1sok \u00e9s programok:<\/strong><strong><\/strong><\/p>\n\n\n\n<ul>\n<li><strong>\u00cdj\u00e1szat<\/strong><\/li>\n\n\n\n<li><strong>K\u00e9zm\u0171ves s\u00e1tor<\/strong><\/li>\n\n\n\n<li><strong><u>Vit\u00e9zi j\u00e1t\u00e9kok<\/u><\/strong><\/li>\n\n\n\n<li><strong>Lovagoltat\u00e1s<\/strong><\/li>\n\n\n\n<li><strong>Helyi term\u00e9k k\u00f3stoltat\u00e1s&nbsp;&nbsp;&nbsp;&nbsp;&nbsp;&nbsp;&nbsp;&nbsp;&nbsp;&nbsp;&nbsp;&nbsp;&nbsp;&nbsp;&nbsp;&nbsp;&nbsp;&nbsp;&nbsp;&nbsp;&nbsp;&nbsp;&nbsp;&nbsp;&nbsp;&nbsp;&nbsp;&nbsp;&nbsp;&nbsp;&nbsp;&nbsp;&nbsp;&nbsp;&nbsp;&nbsp;&nbsp;&nbsp;&nbsp;&nbsp;&nbsp;&nbsp;&nbsp;&nbsp;&nbsp;&nbsp;&nbsp;&nbsp;&nbsp;&nbsp;&nbsp;&nbsp;&nbsp;<\/strong><\/li>\n\n\n\n<li><strong>Ki\u00e1ll\u00edt\u00e1s a volt Lok\u00e1tor \u00e1llom\u00e1sr\u00f3l&nbsp;&nbsp;&nbsp;&nbsp;&nbsp;&nbsp;&nbsp;&nbsp;&nbsp;&nbsp;&nbsp;&nbsp;&nbsp;&nbsp;&nbsp;&nbsp;&nbsp;&nbsp;&nbsp;&nbsp;&nbsp;&nbsp;&nbsp;&nbsp;&nbsp;&nbsp;&nbsp;&nbsp;&nbsp;&nbsp;&nbsp;&nbsp;&nbsp;&nbsp;&nbsp;&nbsp;&nbsp;&nbsp;&nbsp;&nbsp;<\/strong><\/li>\n\n\n\n<li><strong>K\u00e9zm\u0171ves v\u00e1s\u00e1r<\/strong>&nbsp;&nbsp;&nbsp;&nbsp;&nbsp;&nbsp;&nbsp;&nbsp;&nbsp;&nbsp;&nbsp;&nbsp;&nbsp;&nbsp;&nbsp;&nbsp;&nbsp;&nbsp;&nbsp;&nbsp;&nbsp;&nbsp;&nbsp;&nbsp;&nbsp;&nbsp;&nbsp;&nbsp;&nbsp;&nbsp;&nbsp;&nbsp;&nbsp;&nbsp;&nbsp;&nbsp;&nbsp;&nbsp;&nbsp;&nbsp;&nbsp;&nbsp;&nbsp;&nbsp;&nbsp;&nbsp;&nbsp;&nbsp;&nbsp;&nbsp;&nbsp;&nbsp;&nbsp;&nbsp;&nbsp;&nbsp;&nbsp;&nbsp;&nbsp;&nbsp;&nbsp;&nbsp;&nbsp;&nbsp;&nbsp;&nbsp;&nbsp;<\/li>\n\n\n\n<li><strong>Kil\u00e1t\u00f3<\/strong>&nbsp;&nbsp;&nbsp;&nbsp;&nbsp;&nbsp;&nbsp;&nbsp;&nbsp;&nbsp;&nbsp;&nbsp;&nbsp;&nbsp;&nbsp;&nbsp;&nbsp;&nbsp;&nbsp;&nbsp;&nbsp;&nbsp;&nbsp;&nbsp;&nbsp;&nbsp;&nbsp;&nbsp;&nbsp;&nbsp;&nbsp;&nbsp;&nbsp;<\/li>\n\n\n\n<li><strong>Term\u00e9szet \u00f6sv\u00e9nye \u00e9s Term\u00e9szet h\u00e1za&nbsp;&nbsp;&nbsp;<\/strong><\/li>\n<\/ul>\n\n\n\n<figure class=\"wp-block-image\"><img alt=\"\"\/><\/figure>\n\n\n\n<figure class=\"wp-block-image\"><img alt=\"\"\/><\/figure>\n","protected":false},"excerpt":{"rendered":"<p>R\u00c9SZLETES PROGRAM 15.00-15.45 16.00-17.00 17.10-17.15&nbsp;&nbsp;&nbsp;&nbsp;&nbsp; 17.20-18.50 19.00-19.20 Folyamatos foglalkoz\u00e1sok \u00e9s programok:<\/p>\n","protected":false},"author":4,"featured_media":0,"parent":293,"menu_order":0,"comment_status":"closed","ping_status":"closed","template":"","meta":[],"_links":{"self":[{"href":"https:\/\/www.hagyomanyokhegye.hu\/index.php?rest_route=\/wp\/v2\/pages\/729"}],"collection":[{"href":"https:\/\/www.hagyomanyokhegye.hu\/index.php?rest_route=\/wp\/v2\/pages"}],"about":[{"href":"https:\/\/www.hagyomanyokhegye.hu\/index.php?rest_route=\/wp\/v2\/types\/page"}],"author":[{"embeddable":true,"href":"https:\/\/www.hagyomanyokhegye.hu\/index.php?rest_route=\/wp\/v2\/users\/4"}],"replies":[{"embeddable":true,"href":"https:\/\/www.hagyomanyokhegye.hu\/index.php?rest_route=%2Fwp%2Fv2%2Fcomments&post=729"}],"version-history":[{"count":6,"href":"https:\/\/www.hagyomanyokhegye.hu\/index.php?rest_route=\/wp\/v2\/pages\/729\/revisions"}],"predecessor-version":[{"id":997,"href":"https:\/\/www.hagyomanyokhegye.hu\/index.php?rest_route=\/wp\/v2\/pages\/729\/revisions\/997"}],"up":[{"embeddable":true,"href":"https:\/\/www.hagyomanyokhegye.hu\/index.php?rest_route=\/wp\/v2\/pages\/293"}],"wp:attachment":[{"href":"https:\/\/www.hagyomanyokhegye.hu\/index.php?rest_route=%2Fwp%2Fv2%2Fmedia&parent=729"}],"curies":[{"name":"wp","href":"https:\/\/api.w.org\/{rel}","templated":true}]}}