{"id":146,"date":"2015-02-10T17:08:05","date_gmt":"2015-02-10T17:08:05","guid":{"rendered":"http:\/\/hagyhegy.bokodesign.hu\/?page_id=146"},"modified":"2015-03-07T23:14:05","modified_gmt":"2015-03-07T23:14:05","slug":"a-neprajz-utja","status":"publish","type":"page","link":"https:\/\/www.hagyomanyokhegye.hu\/?page_id=146","title":{"rendered":"A n\u00e9prajz \u00fatja"},"content":{"rendered":"<h3>A Hantai malom<\/h3>\n<p><span style=\"color: #000000;\">A\u00a0<\/span>Hantai malom<span style=\"color: #000000;\">\u00a0a p\u00e1pai \u00d6reg hegy l\u00e1b\u00e1n\u00e1l \u00e1ll, pontosabban m\u00e1r d\u00fcledezik. Fel\u00faj\u00edt\u00e1sa mind ink\u00e1bb \u00e9get\u0151en s\u0171rg\u0151s k\u00e9rd\u00e9s. A tervek m\u00e1r k\u00e9szen vannak, m\u00e1r csak a &#8211; mindig kev\u00e9s &#8211; p\u00e9nz hi\u00e1nyzik. \u00dajj\u00e1 \u00e9p\u00edt\u00e9s\u00e9vel P\u00e1pa egyik legszebb malm\u00e1t kaphatn\u00e1nk.<\/span><\/p>\n<h3>P\u00e1sztor\u00e9let, p\u00e1sztortal\u00e1lkoz\u00f3k<\/h3>\n<p style=\"color: #000000;\">A N\u00e9prajz \u00fatja keretein bel\u00fcl ind\u00edtottuk el a 2012. \u00e9vi Hegy napja esem\u00e9nyen a bakonyi \u00e9s k\u00f6rny\u00e9kbeli p\u00e1sztor\u00e9lettel, annak bemutat\u00e1s\u00e1val foglalkoz\u00f3 programunkat. A folytat\u00e1sban p\u00e1sztortal\u00e1lkoz\u00f3k szervez\u00e9s\u00e9t is v\u00e1llalni szeretn\u00e9nk.<\/p>\n<p style=\"color: #000000;\">Illy\u00e9s Gyula: \u00cdme az \u00e9n n\u00e9pem<\/p>\n<p style=\"color: #000000;\">&#8222;&#8230; \u00cdme az \u00e9n n\u00e9pem, ap\u00e1imnak n\u00e9pe<\/p>\n<p style=\"color: #000000;\">mint \u00e9rc-csattogtat\u00f3 barb\u00e1r id\u0151k porban fut\u00f3 rabszolg\u00e1i<\/p>\n<p style=\"color: #000000;\">szolgas\u00e1gban \u00e9l e mosolyg\u00f3 dombok hajlat\u00e1n s azon t\u00fal<\/p>\n<p style=\"color: #000000;\">a K\u00e1rp\u00e1tok kem\u00e9ny mark\u00e1ban s azon t\u00fal<\/p>\n<p style=\"color: #000000;\">minden vid\u00e9ken itt, mit a nap e d\u00fch\u00f6s<\/p>\n<p style=\"color: #000000;\">cs\u0151sz l\u00e1ngol\u00f3 \u00fatj\u00e1n dohogva megker\u00fcl!&#8230;<\/p>\n<p style=\"color: #000000;\">&#8230; ime az \u00e9n n\u00e9pem amelyb\u0151l felj\u00f6v\u00f6k<\/p>\n<p style=\"color: #000000;\">ime a n\u00e9p amely besz\u00e9lni tan\u00edtott<\/p>\n<p style=\"color: #000000;\">amelynek sz\u00f6gletes arc\u00e1n az arcomat<\/p>\n<p style=\"color: #000000;\">mint t\u00fck\u00f6rben l\u00e1tom: a magyar n\u00e9p, v\u00e9rem<\/p>\n<p style=\"color: #000000;\">folytat\u00e1sa n\u00e9m\u00e1n<\/p>\n<p style=\"color: #000000;\">fuldoklik urai sz\u00e1zados szenny\u00e9ben<\/p>\n<p style=\"color: #000000;\">arccal a f\u00f6ld fel\u00e9, istentelen\u00fcl \u00e9s<\/p>\n<p style=\"color: #000000;\">sz\u00edve ki-kihagy m\u00e1r mint a l\u00e9lekharang &#8230; \u201d<\/p>\n","protected":false},"excerpt":{"rendered":"<p>A Hantai malom A\u00a0Hantai malom\u00a0a p\u00e1pai \u00d6reg hegy l\u00e1b\u00e1n\u00e1l \u00e1ll, pontosabban m\u00e1r d\u00fcledezik. Fel\u00faj\u00edt\u00e1sa mind ink\u00e1bb \u00e9get\u0151en s\u0171rg\u0151s k\u00e9rd\u00e9s. A tervek m\u00e1r k\u00e9szen vannak, m\u00e1r csak a &#8211; mindig kev\u00e9s &#8211; p\u00e9nz hi\u00e1nyzik. \u00dajj\u00e1 \u00e9p\u00edt\u00e9s\u00e9vel P\u00e1pa egyik legszebb malm\u00e1t kaphatn\u00e1nk. P\u00e1sztor\u00e9let, p\u00e1sztortal\u00e1lkoz\u00f3k A N\u00e9prajz \u00fatja keretein bel\u00fcl ind\u00edtottuk el a 2012. \u00e9vi Hegy napja esem\u00e9nyen [&hellip;]<\/p>\n","protected":false},"author":2,"featured_media":0,"parent":122,"menu_order":0,"comment_status":"open","ping_status":"open","template":"","meta":[],"_links":{"self":[{"href":"https:\/\/www.hagyomanyokhegye.hu\/index.php?rest_route=\/wp\/v2\/pages\/146"}],"collection":[{"href":"https:\/\/www.hagyomanyokhegye.hu\/index.php?rest_route=\/wp\/v2\/pages"}],"about":[{"href":"https:\/\/www.hagyomanyokhegye.hu\/index.php?rest_route=\/wp\/v2\/types\/page"}],"author":[{"embeddable":true,"href":"https:\/\/www.hagyomanyokhegye.hu\/index.php?rest_route=\/wp\/v2\/users\/2"}],"replies":[{"embeddable":true,"href":"https:\/\/www.hagyomanyokhegye.hu\/index.php?rest_route=%2Fwp%2Fv2%2Fcomments&post=146"}],"version-history":[{"count":1,"href":"https:\/\/www.hagyomanyokhegye.hu\/index.php?rest_route=\/wp\/v2\/pages\/146\/revisions"}],"predecessor-version":[{"id":368,"href":"https:\/\/www.hagyomanyokhegye.hu\/index.php?rest_route=\/wp\/v2\/pages\/146\/revisions\/368"}],"up":[{"embeddable":true,"href":"https:\/\/www.hagyomanyokhegye.hu\/index.php?rest_route=\/wp\/v2\/pages\/122"}],"wp:attachment":[{"href":"https:\/\/www.hagyomanyokhegye.hu\/index.php?rest_route=%2Fwp%2Fv2%2Fmedia&parent=146"}],"curies":[{"name":"wp","href":"https:\/\/api.w.org\/{rel}","templated":true}]}}