{"id":122,"date":"2015-02-09T14:07:34","date_gmt":"2015-02-09T14:07:34","guid":{"rendered":"http:\/\/hagyhegy.bokodesign.hu\/?page_id=122"},"modified":"2015-05-09T07:37:11","modified_gmt":"2015-05-09T05:37:11","slug":"kozpontrol","status":"publish","type":"page","link":"https:\/\/www.hagyomanyokhegye.hu\/?page_id=122","title":{"rendered":"K\u00f6zpontr\u00f3l"},"content":{"rendered":"<h3>Kedves L\u00e1togat\u00f3! A Hagyom\u00e1nyok Hegye T\u00f6rt\u00e9nelmi, N\u00e9prajzi \u00e9s Term\u00e9szetismereti K\u00f6zpont 2009-ben alakult, s m\u0171k\u00f6d\u00e9s\u00e9r\u0151l a Hagyom\u00e1nyok Hegye Egyes\u00fclet gondoskodik. Avar falu, v\u00e1r- \u00e9s temet\u0151rekonstrukci\u00f3. Bakonyi h\u00e1zak, gazdas\u00e1g \u00e9s a Term\u00e9szet h\u00e1za. C\u00edmszavakban \u00edgy foglalhat\u00f3k \u00f6ssze terveink, c\u00e9ljaink, melyek a p\u00e1pai \u00d6reghegy egy 8,3 hekt\u00e1ros ter\u00fclet\u00e9n val\u00f3suln\u00e1nak meg.<\/h3>\n","protected":false},"excerpt":{"rendered":"<p>Kedves L\u00e1togat\u00f3! A Hagyom\u00e1nyok Hegye T\u00f6rt\u00e9nelmi, N\u00e9prajzi \u00e9s Term\u00e9szetismereti K\u00f6zpont 2009-ben alakult, s m\u0171k\u00f6d\u00e9s\u00e9r\u0151l a Hagyom\u00e1nyok Hegye Egyes\u00fclet gondoskodik. Avar falu, v\u00e1r- \u00e9s temet\u0151rekonstrukci\u00f3. Bakonyi h\u00e1zak, gazdas\u00e1g \u00e9s a Term\u00e9szet h\u00e1za. C\u00edmszavakban \u00edgy foglalhat\u00f3k \u00f6ssze terveink, c\u00e9ljaink, melyek a p\u00e1pai \u00d6reghegy egy 8,3 hekt\u00e1ros ter\u00fclet\u00e9n val\u00f3suln\u00e1nak meg.<\/p>\n","protected":false},"author":2,"featured_media":0,"parent":0,"menu_order":5,"comment_status":"open","ping_status":"closed","template":"","meta":[],"_links":{"self":[{"href":"https:\/\/www.hagyomanyokhegye.hu\/index.php?rest_route=\/wp\/v2\/pages\/122"}],"collection":[{"href":"https:\/\/www.hagyomanyokhegye.hu\/index.php?rest_route=\/wp\/v2\/pages"}],"about":[{"href":"https:\/\/www.hagyomanyokhegye.hu\/index.php?rest_route=\/wp\/v2\/types\/page"}],"author":[{"embeddable":true,"href":"https:\/\/www.hagyomanyokhegye.hu\/index.php?rest_route=\/wp\/v2\/users\/2"}],"replies":[{"embeddable":true,"href":"https:\/\/www.hagyomanyokhegye.hu\/index.php?rest_route=%2Fwp%2Fv2%2Fcomments&post=122"}],"version-history":[{"count":3,"href":"https:\/\/www.hagyomanyokhegye.hu\/index.php?rest_route=\/wp\/v2\/pages\/122\/revisions"}],"predecessor-version":[{"id":453,"href":"https:\/\/www.hagyomanyokhegye.hu\/index.php?rest_route=\/wp\/v2\/pages\/122\/revisions\/453"}],"wp:attachment":[{"href":"https:\/\/www.hagyomanyokhegye.hu\/index.php?rest_route=%2Fwp%2Fv2%2Fmedia&parent=122"}],"curies":[{"name":"wp","href":"https:\/\/api.w.org\/{rel}","templated":true}]}}